3. Let o be (-7)/(14/(-15))*(-4)/3. Let i be d(o). What is the greatest common divisor of i and 65?
13
Suppose 3*c - 17 = -11. Suppose -66 = -2*a - 3*d + 6*d, -a + 31 = -c*d. What is the greatest common divisor of 52 and a?
13
Suppose 0 = -10*f - 27 + 147. Let j be -54*(-8 + 2)/f. Calculate the highest common factor of 54 and j.
27
Suppose 20 = z - 2*a, -5*z + a = -3*z - 55. Let b = 477 + -147. What is the highest common divisor of b and z?
30
Suppose -3*s + 2*m = -977, 0 = -7*s + 4*s - 3*m + 972. What is the greatest common divisor of 39 and s?
13
Let x(f) = -42*f**3 + 1. Let z be x(-1). Let a = z + -33. What is the greatest common divisor of 90 and a?
10
Suppose y - 2*y + 81 = 0. Calculate the highest common divisor of y and 144.
9
Suppose 21*z - 6 = 20*z. What is the greatest common factor of z and 33?
3
Let g = -961 + 973. What is the highest common factor of 876 and g?
12
Let m(w) = -2*w**2 + 5*w + 6. Let q be m(-3). Let u = q + 51. What is the highest common divisor of 3 and u?
3
Let d(r) = 2*r**3 - 12*r**2 + 34*r + 2. Let y be d(4). What is the highest common factor of 333 and y?
37
Suppose 2*d + 10 + 2 = 0. Let l be 13/(-1)*-16*(-9)/d. Calculate the highest common factor of 39 and l.
39
Let p(q) = -2 + 2*q + 25*q**2 - 17*q**2 + 5 - 3*q. Let k be p(-4). Let j = -64 - -91. What is the greatest common divisor of k and j?
27
Let l = 2 + 0. Suppose -4*n + 18 = -l*r + 3*r, -2*n + 16 = 4*r. Let t = 6 + 4. Calculate the highest common factor of t and r.
2
Let t be (0 - 4)*9/(-12). Suppose 0 = -9*z + t*z + 54. What is the highest common factor of z and 27?
9
Let k be -20*(-1 + 1 + (-3)/6). What is the greatest common divisor of k and 90?
10
Let u = 4709 + -2866. Calculate the highest common divisor of 97 and u.
97
Let y(f) = -f**3 - 11*f**2 - 6*f - 17. Let c(i) = i**2 - i. Let z(x) = -3*c(x) - y(x). Let l be z(-7). What is the highest common divisor of l and 15?
3
Let g be (2 + -33 - 3)*12/(-8). Calculate the greatest common divisor of g and 1275.
51
Suppose 42 = -2*q + 46. What is the greatest common divisor of q and 142?
2
Let y(k) = -k**3 - 4*k**2 - 2*k - 6. Let z be y(-4). Suppose 7 = -5*i - 3. Let l = i - -6. What is the highest common divisor of l and z?
2
Suppose -2*u + 1 = -3. Let k(v) = -v**2 - 2*v + 3. Let l be k(u). Let c = l - -11. Calculate the highest common divisor of 3 and c.
3
Let p(f) = 5*f**2 - 4. Let i = 35 + -37. Let z be p(i). Calculate the highest common factor of z and 128.
16
Suppose -3*j = 3*j - 192. Suppose -2*q - 4*v = -0*q - j, 3*v - 74 = -4*q. What is the highest common factor of 40 and q?
20
Let j be (3 + -2)*(-69 + 72). What is the greatest common divisor of j and 11?
1
Suppose 2*o = -4*x - 8, -3*x + 8 = -o + 19. Let z be 5/(o*(-3)/12). Let v be 2/z - 1001/(-5). What is the highest common factor of 25 and v?
25
Let w(l) = 3*l - 51 - 2*l + 68. Let y be w(-15). Calculate the greatest common divisor of y and 10.
2
Let c(v) = -v**2 + 5*v + 2. Let a be c(3). Suppose -o = o - a. Suppose -m - m + 42 = 3*i, o = 2*i. What is the highest common factor of 18 and m?
18
Let d = 202 + -118. Suppose 2*j - j = 0. Suppose j = -4*q + 21 + 27. Calculate the highest common factor of d and q.
12
Let b = 12 - 10. Suppose -2*q - b*q - 4*p = -232, -2*q + 2*p + 124 = 0. What is the highest common factor of q and 15?
15
Suppose 4*z - 14 = 3*j + 13, 2*j = -3*z - 1. Let l = 733 + -730. Calculate the greatest common divisor of l and z.
3
Suppose c - w + 3*w = 0, -c = -4*w. Let r(i) = -i**2 + i + 15. Let u be r(c). What is the highest common factor of u and 165?
15
Let y(j) = j**3 - 18*j**2 + 26*j - 20. Let k be y(17). Suppose g + 17 = -6*i + 7*i, i - 5*g = 9. Calculate the highest common factor of i and k.
19
Let g be 19 - 13 - (-1 + 2). Let o be (-4)/(-2) + 0 + 8. Calculate the greatest common divisor of o and g.
5
Suppose 0*n - 2*n + 24 = 0. Let m be 6 + 1 + (-5 - 3 - -5). Calculate the greatest common divisor of m and n.
4
Let c(z) be the second derivative of z**3/6 + 3*z**2/2 - 3*z. Let m be c(-3). Suppose m = 2*k - 56 + 12. What is the greatest common divisor of k and 33?
11
Suppose -4*b + 80 = 36. What is the highest common factor of b and 198?
11
Let i = -279 + 293. Calculate the greatest common divisor of 70 and i.
14
Suppose -36 - 4 = 4*d. Let j = d + -6. Let a be (-4)/(j/28) + 4. What is the greatest common divisor of 121 and a?
11
Let k(b) = b**3 + 10*b**2 - 24*b + 15. Let y be k(-12). Suppose 3*w - 141 = -y. Calculate the highest common divisor of 6 and w.
6
Let y be ((-3)/9)/((-2)/12) + 10. Let m be (-7)/6 - -1 - (-110)/y. Calculate the highest common divisor of 72 and m.
9
Suppose 0 = 7*c - 2*c + 140. Let f be (-1 + 0)*28/2. Let u = f - c. Calculate the greatest common factor of 28 and u.
14
Let f be 10/(-25) - 24/(-10). Let z be f/(-11) - 1460/(-44). Suppose 5 = -4*c + z. Calculate the highest common factor of 21 and c.
7
Let j = 82 - 61. Calculate the greatest common factor of 56 and j.
7
Suppose -2*s - 5*i + 5 = 0, -3*i + i = s - 2. Let w be 110 + 2 + s/4. What is the highest common factor of w and 16?
16
Suppose -310*y = -308*y - 18. What is the greatest common factor of 15 and y?
3
Let s = -140 - -476. What is the highest common factor of s and 48?
48
Let c(v) = -v**2 - 5*v + 90. Let d be c(0). Let o be -1*(3 - (0 - -1)). Let w be ((-6)/(-9))/(o/(-108)). Calculate the greatest common factor of w and d.
18
Let m be 1 + 0 + 0/1. Let n be 8/20*1*5. Let j be (n - m - -18) + -1. Calculate the highest common factor of 6 and j.
6
Suppose 0 = 2*w - 3*w + 2. Suppose t + 3*x - 14 + 5 = 0, 2*x - w = 0. Let u = 20 - t. What is the greatest common divisor of 98 and u?
14
Let n = -13 - -16. Suppose 74 = n*x - 301. Calculate the highest common divisor of x and 25.
25
Let r = -4 + 9. Suppose 0 = r*o + 5*y - 2 + 17, -5*o = -2*y - 20. Suppose i + t = 11, 8 = 4*i - 3*t - 15. Calculate the highest common divisor of o and i.
2
Let q = 1157 + -1149. Calculate the greatest common divisor of 104 and q.
8
Let h be (-1)/(-7) - (-3116)/(-7). Let y be (-6 - h/10)/((-1)/(-2)). What is the highest common factor of 11 and y?
11
Let g = -1535 - -1675. Let r = 45 + -25. What is the highest common divisor of g and r?
20
Suppose y + 2*m + 3 = 0, 13*y = 9*y - 2*m + 18. What is the greatest common divisor of y and 532?
7
Let u(l) be the second derivative of -2*l**3 - 21*l**2/2 + 52*l. Let s be u(-5). What is the highest common factor of 429 and s?
39
Let m = 18 + -18. Suppose m = -4*j + 2*i + 510, 5*i = -2*j - 15 + 240. Suppose 2*r - 1 = j. What is the highest common divisor of r and 21?
21
Let o = 214 + -144. Suppose 0 = i - 0*i - o. Suppose b + 18 = i. Calculate the greatest common factor of 13 and b.
13
Suppose -2*h = -73 - 3. Suppose -42 - h = m. Let q = 112 + m. What is the greatest common factor of q and 4?
4
Suppose 0 = 2*d - 7*d + 75. Let b = 33 - d. Calculate the greatest common divisor of 9 and b.
9
Let g be (130/(-15))/((-4)/36). What is the highest common divisor of 6 and g?
6
Let r(d) = -2*d. Let n be r(-2). Suppose -5*q - n*t = -q - 64, 5*t = -2*q + 44. Let y = q - 4. What is the highest common factor of y and 8?
8
Suppose -19*h - 1174 = -5791. Calculate the greatest common factor of h and 54.
27
Let n = -197 + 229. What is the greatest common factor of n and 4?
4
Let k(v) = 3*v**2 + 2*v - 6. Let l be k(-5). Let y = l - 23. Let z be 91 - -5*(-1)/5. What is the greatest common factor of y and z?
18
Let y = -12 - -17. Suppose 4*w - y*w = -4. What is the greatest common factor of w and 28?
4
Suppose l = 5*s - 1029, 4*s - 197 = -4*l + 607. Let n = s + -100. Let o = -24 + 45. What is the highest common factor of n and o?
21
Let d be 42/(-8)*28/(-21). Calculate the greatest common divisor of d and 301.
7
Let w(r) = 12*r**2 - 11*r + 10. Let v be w(1). What is the greatest common factor of 352 and v?
11
Let n(o) = -o + 135. Let k be n(-9). What is the highest common divisor of 32 and k?
16
Let d = 819 + -789. Calculate the highest common factor of 15 and d.
15
Let f(y) = 9*y + 3 + 13*y - 9 - 2*y. Let g be f(3). What is the highest common divisor of 81 and g?
27
Suppose -5*c = -2*c - 39. Suppose -5*g + 28 = f, g - 2*f - c = -3. What is the highest common divisor of g and 18?
6
Let y = -100 - -122. What is the greatest common factor of y and 154?
22
